What is the greatest common factor of q and f?
12
Let g(p) = p**2 + 5*p + 6. Let h be g(-7). Suppose 4*i - h = 60. What is the highest common divisor of 160 and i?
20
Let c be 3/(-5)*(-17 - -7) - -56. What is the highest common factor of c and 434?
62
Let n = -3 + 3. Suppose -2*k + 3 + 5 = n. Suppose 3*b - a = 80, 2*b - 3*a - 10 = 34. What is the greatest common factor of k and b?
4
Suppose -6*o = -8*o + 114. Suppose o - 97 = -4*g. Calculate the highest common divisor of 6 and g.
2
Let k = 63 + -92. Let d = 89 + k. What is the highest common divisor of d and 20?
20
Let s be ((-40)/(-18) - 2) + 212/18. Let t be (-10)/35 - (-2188)/14. What is the highest common factor of t and s?
12
Suppose 2*z + 5*o + 1340 = 5*z, 5*z = o + 2248. Suppose 0 = n + 4*n - z. What is the greatest common factor of 10 and n?
10
Let n be -28*(-3 - 34/(-14)). What is the highest common factor of 30 and n?
2
Let u(v) = -2*v**3 + 6*v**2 + 6*v - 5. Let b be u(3). Suppose 4*g = 471 + b. What is the greatest common divisor of 11 and g?
11
Suppose -25 = -2*j + 3*m, 4*j - 4*m - 35 = -m. Suppose -38 = 39*b - 116. Calculate the highest common divisor of j and b.
1
Suppose 3*y - 21 = 4*x, -5*x - y - 3*y = 3. Let g = x + 15. Let z = 25 - g. Calculate the greatest common factor of z and 65.
13
Suppose -2*c - 2*u + 1290 = -u, -2*c = 5*u - 1290. Suppose -3*g + c = 2*g. Let f be (-2)/6 - g/(-9). What is the highest common divisor of f and 98?
14
Suppose -6*g = -4*g - 6. Suppose 5*t - g*k + 129 = 0, -t - 5*k = -0*t + 9. Let q be t/30*(0 + -50). Calculate the greatest common factor of 16 and q.
8
Suppose -26*w - 8 = -28*w. Suppose 0 = -4*s + w, 24 + 940 = 5*c + 4*s. Calculate the highest common divisor of c and 12.
12
Let o be (-404)/(-6) + (-64)/48. Calculate the highest common divisor of o and 2.
2
Suppose 112*w - 11760 = 84*w. Calculate the greatest common divisor of 945 and w.
105
Suppose 3*h - 4*w - 52 - 327 = 0, -3*h = 2*w - 373. What is the highest common divisor of 575 and h?
25
Let h(b) = -7*b - 6. Let o be h(-5). Let z = 77 - o. Suppose -4 - 4 = -4*v + 4*g, v + 14 = 5*g. What is the greatest common factor of v and z?
6
Suppose 0 = 2*f - 155 + 23. Suppose f = l - 0*l. Let j(k) = k**2 - 2*k + 3. Let p be j(3). Calculate the highest common divisor of p and l.
6
Let p(b) = -5*b**3 + b + 2. Let z be p(-2). Let i = 44 - 24. Suppose 3*f + 8 = i. Calculate the highest common divisor of z and f.
4
Let p(w) = 3*w + 120. Let j be p(-39). Calculate the highest common factor of j and 22.
1
Suppose 57 = 5*u + 3*t - 7, -u = 2*t - 10. What is the greatest common divisor of u and 7?
7
Let t = -33 - -202. Let d = 301 - t. Calculate the greatest common factor of d and 12.
12
Let f = -44 + 92. Suppose 6*w - 2*w = f. Calculate the greatest common divisor of 3 and w.
3
Suppose -111*q + 3850 + 847 = -5404. Let f be (-1)/(-4) + (-102)/(-8). What is the highest common factor of f and q?
13
Let m be 8085/(-30) - (-3)/2. Let x be (-1)/(-4) + m/(-48)*3. What is the greatest common factor of 136 and x?
17
Suppose 2*m = 3*z + 6*m - 10, 0 = z - 2*m - 10. Let b = -66 - -68. What is the highest common divisor of z and b?
2
Suppose -3*w = -f + 451, f - 35*w + 36*w = 463. Calculate the greatest common factor of f and 138.
46
Let y = 197 + -188. Calculate the highest common divisor of y and 2.
1
Let v(z) = -z**3 - 2*z + 224. Let x be v(0). Suppose -5*d - x + 854 = 0. Suppose b = 2*q + 8, -q - 4*q + 29 = b. What is the greatest common divisor of d and b?
14
Let t(b) = b**3 + 6*b**2 + 4*b - 9 + 2*b + 3*b**2. Let d be t(-8). Let y(j) = j**2 - 5*j + 7. Let a be y(d). Calculate the greatest common factor of 7 and a.
7
Let r = 3 + -2. Let n = 3 + r. Suppose 0 = n*a - 18 - 70. What is the highest common factor of a and 33?
11
Let u = -3 - -9. Let k(c) be the third derivative of 5*c**4/6 + 5*c**3/2 - c**2. Let n be k(u). Calculate the greatest common factor of n and 54.
27
Let a = 0 + 3. Suppose -3*t + 100 = 5*s - 101, -a*t = -4*s - 228. What is the highest common factor of t and 9?
9
Let i(d) = -2*d**3 - 9*d**2 - 15*d - 12. Let s be i(-4). What is the greatest common divisor of s and 784?
16
Let w(u) = -u**3 + 9*u**2 + 6*u - 11. Let m be w(9). Suppose -3*y + 89 = 2*q - m, 2*y + 5*q - 88 = 0. What is the greatest common factor of y and 11?
11
Let p be (0 - -2)/(4 - (-162)/(-42)). Let x be 60*14/6*8/p. What is the highest common divisor of x and 16?
16
Let z be 9/12 - 68/(-16). Suppose z*k - 25 + 105 = 0. Let t = 23 + k. Calculate the greatest common factor of 21 and t.
7
Suppose 0 = -4*u + 7*u - 9, 0 = 2*v + 3*u - 35. Let n(r) = 3*r + 5. Let x be n(7). What is the greatest common divisor of x and v?
13
Let r(h) = 52*h + 469. Let l be r(-7). Calculate the greatest common divisor of 28 and l.
7
Let i be (-33)/(-9) + (-1)/(-3). Let q = -2 + i. Let m be 1 - (-27 + -3 + q). Calculate the greatest common factor of 145 and m.
29
Suppose -78 = -3*q - 87. Let f be 1/2*((q - 1) + 12). Calculate the highest common divisor of f and 20.
4
Let r(a) = 10 + 12*a + 14 - 13*a. Let h be r(-15). What is the greatest common factor of h and 13?
13
Let j be (-321)/(-21) + 6/(-21). Suppose -15 - j = -5*o. Suppose -o*x + 24 = -3*x. What is the highest common divisor of x and 8?
8
Let p(b) = -b**3 - 7*b**2 + 15*b + 20. Let x be p(-9). Suppose 3*r = 167 - x. Calculate the highest common factor of r and 16.
8
Let h be (-35)/(-15) + (-2)/6. Suppose -j - 1 = -h*m, 3*m - 7*j + 9 = -2*j. Suppose 6*d - m*d - 60 = 0. Calculate the greatest common divisor of 105 and d.
15
Suppose 0 = -4*y - 42 + 162. Suppose 5*s - b = 58, -5*s - 34*b + 30*b = -68. What is the greatest common divisor of y and s?
6
Let n be (2/(-4))/((-3)/66). Let u = -19 + n. Let f = -3 - u. What is the greatest common factor of 1 and f?
1
Let s = -1486 - -2465. What is the highest common divisor of 11 and s?
11
Suppose 5*h + 3 = -3*i, 2*i + i + 3 = -3*h. Suppose -l - 1 + 24 = 0. Let k = i + l. Calculate the greatest common factor of k and 33.
11
Let p be (18 - 1) + (5 - (-2 + 9)). Let f be p/2 + (1 - (-1)/(-2)). Calculate the greatest common divisor of f and 1.
1
Let k(r) = -r**3 - 20*r**2 - 58*r + 10. Let s be k(-17). What is the highest common factor of s and 344?
43
Let m be (160/(-14))/(-8)*126. Suppose 53 + 47 = 5*v. What is the greatest common divisor of m and v?
20
Let o be (118/(-29) - -4) + (-5280)/(-870). Suppose 24 + 48 = 3*q. What is the highest common factor of o and q?
6
Let j be 12*3/2*1. Let o be -6*(-96)/9 + -2. Let m = o - 44. What is the greatest common divisor of j and m?
18
Suppose -4*o + 140 = -0. Let f be 2*(3 - 2/12*3). Let u = f + 0. Calculate the greatest common divisor of u and o.
5
Let a be 26628/144 - (-1)/12. What is the highest common divisor of a and 407?
37
Suppose 59 = m + 23. Suppose 5*v - 19 = -2*h, h + v = -0*h + 11. Calculate the highest common factor of m and h.
12
Let d = 17 - -7. Let n(t) = 8*t - 53. Let q(m) = -m + 11. Let k be q(4). Let s be n(k). Calculate the highest common divisor of s and d.
3
Suppose 6*w = 24*w - 1458. Calculate the greatest common factor of w and 108.
27
Suppose 7*x - 176 - 1084 = 0. What is the highest common factor of 70 and x?
10
Let h(d) = -12*d. Suppose -w = -3, w + 27 = -5*m + 5*w. Let j be h(m). Suppose g + j = 3*g. What is the greatest common factor of g and 18?
18
Let a(x) = x**3 - 4*x**2 - 6*x + 8. Let c be a(5). Suppose 2*m - 3 = 3*o + 2*o, 3*o = 4*m - 13. What is the greatest common factor of o and c?
1
Let l be 5*(4 - 18/5). Suppose -11 = -3*z + r, l*r = 4*z - 3*r. Let u = 112 + -57. What is the greatest common factor of u and z?
5
Let j be 38*(-2)/(-18) + 96/(-432). What is the highest common divisor of 7 and j?
1
Let i = 229 - 226. What is the highest common factor of i and 16?
1
Let a be 9/6*(-16)/(-12). Suppose -2*q - 358 = -a*u, 3*q - 325 = -4*u + 419. Calculate the highest common factor of u and 61.
61
Suppose 24*x + 70 - 958 = 0. Calculate the highest common divisor of 185 and x.
37
Let u(s) = -63*s - 12. Let q(p) = -42*p - 8. Let m(z) = 8*q(z) - 5*u(z). Let i be m(-1). Calculate the greatest common factor of 17 and i.
17
Suppose 0 = -5*h + 184 - 24. Let y be (6/(-8))/(4/h). Let r = 3 - y. Calculate the greatest common divisor of 9 and r.
9
Suppose -55 = u - 0. Let b be -1 + 1 + (-11)/(u/170). What 